te the greatest common factor of 25 and b.
25
Let c be (-2)/(3/((-45)/(-10))). Let t be (c + ((-14)/6)/(-1))*-66. Calculate the greatest common divisor of t and 11.
11
Suppose 0 = -i + 2*v - 9, -3*v = 1 + 5. Let m = 37 + i. Suppose 6 = 2*f - 0*f. Calculate the greatest common factor of f and m.
3
Suppose 5*p - 261 = 2*h - 83, 3*p - 2*h - 106 = 0. Calculate the highest common divisor of p and 234.
18
Let l be (22/(-6))/((-4)/12). What is the greatest common divisor of l and 187?
11
Suppose 0 = s - 15*y + 10*y - 117, 562 = 5*s - 2*y. Calculate the greatest common divisor of 48 and s.
16
Suppose -5*o + 470 = 1655. Let p be (-1193)/8 + (-13)/(-104). Let j = p - o. Calculate the highest common divisor of j and 8.
8
Let u(p) = -2*p - 4. Let v be u(-6). Let m = -1597 - -1605. Calculate the highest common factor of v and m.
8
Let c(p) be the second derivative of -5*p**3/6 - 11*p**2 + 21*p. Let k be c(-10). Calculate the greatest common factor of k and 84.
28
Let a(x) = x**2 - 4*x - 29. Let p be a(-4). Calculate the greatest common divisor of p and 21.
3
Suppose -20 = -5*n + 5. Let r be (567/(-7))/(-1) - -4. Calculate the highest common divisor of n and r.
5
Let i(t) = 2*t**2 - 25*t + 6. Let s be i(10). Let w = -26 - s. What is the greatest common divisor of 72 and w?
18
Suppose -1926*j = -1927*j + 224. Calculate the highest common factor of 196 and j.
28
Suppose -2*q + 4*g = -296, -3*q - 117 = -2*g - 577. Calculate the highest common divisor of q and 702.
78
Suppose 3*h - 5872 + 397 = 0. Calculate the greatest common factor of h and 25.
25
Suppose 0 = -34*m - 10149 + 41803. Calculate the greatest common factor of 38 and m.
19
Let v(y) = -3 - y**3 - 4*y**2 + 3*y - 1 - 11*y. Let i be v(-4). Calculate the highest common divisor of 4 and i.
4
Let d = 28 - 10. Let i(g) be the first derivative of g**2/2 - 11*g - 4. Let x be i(d). What is the highest common divisor of x and 7?
7
Let f be ((5472/20)/(-12))/((-3)/80). Calculate the highest common factor of 76 and f.
76
Suppose -284 = 4*p + 2*f + 616, 0 = -3*p + f - 670. Let n = p + 378. Suppose 3*y = 14 + n. Calculate the highest common divisor of 28 and y.
28
Let f = 168 + -122. Calculate the greatest common divisor of 4 and f.
2
Let g = -214 - -213. Let x be (-2)/((-2)/(-17) - 0). Let n be g - (-2 - (-3 - x)). What is the highest common factor of n and 105?
15
Let o be (-18)/45 - 1/(15/(-756)). Calculate the highest common divisor of 550 and o.
50
Suppose 3*f - 5*h - 213 = -9*h, -5*h = 15. Calculate the highest common divisor of f and 375.
75
Let i be ((-96)/(-10))/(5/75). Calculate the highest common factor of i and 48.
48
Let r = 1738 - 1717. Calculate the highest common divisor of r and 6.
3
Let i = -30 + 39. Let w(z) = 11*z + 3. Let t be w(3). Calculate the highest common factor of i and t.
9
Suppose -741 - 89 = 10*q. Let z = q - -153. Calculate the greatest common divisor of 10 and z.
10
Let c(d) = -d**2 - 9*d + 18. Let w be c(-9). Let l = w - 17. What is the highest common divisor of 9 and l?
1
Suppose 27 = 2*s - 45. Let c = 39 - 55. Let a = c + s. Calculate the greatest common factor of a and 200.
20
Let v be (-4)/(-10) + 64/(-10). Let b be (10/4)/((-1)/v). Let r be (-7 + -3)*-1*(-1)/(-2). What is the highest common factor of b and r?
5
Suppose 4*s = -3*q + 396, -211 - 86 = -3*s + 3*q. Suppose 0 = 4*f - 4*r - 132, -3*f - r = -2*r - s. What is the highest common factor of 3 and f?
3
Suppose 0 = h - 27 - 10. Let m be 786/9*3 + 4. Let p = 673 - m. Calculate the greatest common factor of p and h.
37
Let u(h) = h**2 + 11*h + 7. Let q = 29 + 26. Suppose 5*w - 3*p + q = 0, 3*w + 4*p + 22 = w. Let a be u(w). Calculate the highest common divisor of a and 77.
7
Suppose 2*v - 18 = -12, 3*n = -5*v + 9501. Calculate the greatest common factor of 31 and n.
31
Let d(q) = 4*q + 6. Let y be d(4). Let j = y - 8. Calculate the greatest common divisor of 56 and j.
14
Let d be (204/33 + -6)/((-2)/(-143)). Let g(l) = 11*l - 1. Let a be g(6). Calculate the highest common factor of d and a.
13
Let z be 246/(-30) + 5/25. Let o be (-167)/(-11) + z/44. Calculate the highest common divisor of 255 and o.
15
Let h be 2 + ((-24)/(-4))/(6/16). Calculate the greatest common factor of 6 and h.
6
Let a be 160/(-15)*(-18)/8. Calculate the greatest common factor of 456 and a.
24
Let p(k) = -k + 10. Let j be p(10). Suppose 2*n + 24 = 4*c - 14, -c - 2*n - 3 = j. What is the highest common divisor of 77 and c?
7
Let k(v) = -v**3 - 5*v**2 + 49*v + 20. Let w be k(5). What is the greatest common divisor of w and 75?
15
Let z(v) = -5*v**2 + 32*v - 2. Let u be z(6). Calculate the greatest common divisor of u and 4.
2
Let b(d) = -d + 7. Let u be b(4). Suppose -60 = -2*z + 4*t, -u*t + 140 = 4*z - 6*t. Suppose 0 = 4*h + 10 - 86. What is the highest common divisor of h and z?
19
Suppose 2*k = 4*b, 2*b + 2 = 4*k - 4. Let t be b/(-4) - (2 - 918/24). Calculate the highest common factor of 12 and t.
12
Suppose 8*w + 0*w = 0. Let o be (w + -1)*(-1 + -22) + -1. What is the highest common divisor of o and 22?
22
Let x(h) = 2*h - 7. Let q be x(8). Suppose -4 = 5*z - z. Let b be 10/10 - 8*z. Calculate the greatest common factor of b and q.
9
Suppose -1 = -2*w + j, -w = 3*w + 2*j - 22. Suppose -4*n = -4*y + 172, -1 = -y + w*n + 48. What is the highest common factor of y and 100?
20
Suppose 3*s = 2*o - 7*o + 36, -o - 2*s = -10. Let r be (o/33 + 148/(-88))*-14. Calculate the greatest common divisor of 6 and r.
3
Suppose -2*z + 3*z = 44. Suppose 15 = -3*t + 3*j, -2*t + t + 10 = 2*j. Let c be ((-32)/(-4) - -4) + (t - 1). Calculate the greatest common factor of z and c.
11
Suppose 4*f + 15 - 67 = 0. Let g(k) = -k**3 + 12*k**2 + 13*k + 4. Let o be g(f). Let l be -2 - (-12)/(16/o). Calculate the highest common divisor of l and 3.
1
Let y = 436 - 361. Calculate the highest common factor of y and 120.
15
Let x = -12 + 20. Let k = -20 - -39. Suppose 3*r - k = 2*s, r - 5*s - x = 20. What is the greatest common factor of r and 3?
3
Let m(s) = -s**2 + 6*s + 3. Let z be m(6). Suppose 0*a + 3*a - z = 0. Let r be 9/6*(-16)/(-6). What is the highest common factor of r and a?
1
Let v(s) be the first derivative of -s**4/4 - 4*s**3/3 + 9*s**2/2 + 8*s - 6. Let c be v(-8). What is the highest common divisor of c and 24?
24
Suppose -2*g = 3*g - 430. Let n be -3 + g + -3 + 4. Calculate the greatest common divisor of 12 and n.
12
Let j = -103 - -168. Suppose 2*y + 9 = -1, 5*n - y = 135. Let v be n/((6/(-24))/(3/(-24))). Calculate the greatest common divisor of j and v.
13
Suppose -73*x + 4407 + 1506 = 0. What is the highest common factor of 135 and x?
27
Let p = 22 - 4. Suppose -p*d = -23*d + 465. Calculate the highest common factor of 31 and d.
31
Let v be (2 - 4)*(-26)/4. Let i(l) = -l + 6. Let f(x) = x - 5. Let q(w) = 7*f(w) + 6*i(w). Let y be q(v). What is the highest common divisor of y and 28?
14
Let b(f) = f**2 - 6*f + 7. Let k be b(13). Let o = 9 - 5. Let s = 18 - o. What is the highest common divisor of k and s?
14
Let d = 11 - -31. Let k be (96/20)/8 + 67/5. Calculate the highest common factor of k and d.
14
Let w = -18 - -36. Suppose 369 = 69*d + 295 - 1996. Calculate the greatest common factor of d and w.
6
Let j be 1 + 3/7 + (-120)/(-210). Calculate the greatest common factor of 10 and j.
2
Suppose -5*s + 4*r = -3220, 0 = -11*s + 15*s + r - 2597. What is the highest common factor of 72 and s?
72
Let k be (-12)/8*-1*2. Suppose -b - 248 = k*b. Let j = -22 - b. Calculate the greatest common divisor of 20 and j.
20
Suppose -3*t + 0*t + 3*i + 207 = 0, -5*t = 4*i - 354. Let z = t - -90. Calculate the greatest common divisor of 64 and z.
32
Let s be (-1)/3*(-2 - 37). Suppose 216*c + 312 = 222*c. Calculate the greatest common divisor of c and s.
13
Let j = 238 + -124. Calculate the highest common factor of 19 and j.
19
Let l(i) = i + 6. Suppose 3*p - 4*g + 1 = -10, g + 21 = -4*p. Let t be l(p). Let q = t - -2. What is the greatest common factor of 33 and q?
3
Let f(g) = 27*g - 24. Let j be f(8). Let c be (10/(-25))/(2/(-10)). Let p be 22 + (1 - c)*-2. What is the highest common factor of p and j?
24
Let i(l) = 3*l**2 - 16*l + 15. Let w be i(6). Calculate the highest common divisor of 27 and w.
27
Suppose -6*d + 2*d = -1320. Suppose 0 = -0*s - 3*s + d. Suppose 6*b - 220 = b.